at is 612023 - -12?
612035
In base 12, what is -55 + 502?
469
In base 16, what is 1566 + -50?
1516
In base 11, what is -5 + -150a41?
-150a46
In base 10, what is -180 + -6986?
-7166
In base 8, what is -25531 - 6?
-25537
In base 16, what is -11 - -2046f?
2045e
In base 10, what is -9938 - 20?
-9958
In base 6, what is 25343 - -1?
25344
In base 5, what is -213323 + -23?
-213401
In base 5, what is -3 - 420010?
-420013
In base 14, what is 27 - 67a?
-653
In base 4, what is -2323313 + 0?
-2323313
In base 9, what is 413 - -52?
465
In base 7, what is -53246 - 312?
-53561
In base 3, what is 221212220 + -100?
221212120
In base 12, what is -18 + 23512?
234b6
In base 11, what is 19565 + -1?
19564
In base 9, what is 63643 + -1?
63642
In base 9, what is 863 + -3727?
-2754
In base 2, what is -100 + -110111010011110000?
-110111010011110100
In base 3, what is 200 + 11210010?
11210210
In base 12, what is 418088 + -3?
418085
In base 13, what is -42 - 7b6?
-828
In base 6, what is -534 - -5531?
4553
In base 14, what is -a8 + -3d?
-107
In base 11, what is -21a + 53?
-177
In base 13, what is 3 + 1193b?
11941
In base 5, what is 322412 + 21?
322433
In base 8, what is 16324 + -20?
16304
In base 4, what is 31033 + 2310?
100003
In base 5, what is -4 - 210040?
-210044
In base 11, what is a5 - 16?
8a
In base 7, what is -54 + -5361?
-5445
In base 12, what is -93 + 6040?
5b69
In base 15, what is -2 + -2b8c7?
-2b8c9
In base 12, what is -9 - 14a8?
-14b5
In base 10, what is -1 + -124642?
-124643
In base 8, what is -267 + -22322?
-22611
In base 9, what is -5 + 175822?
175816
In base 9, what is -12 + 148244?
148232
In base 6, what is 1 + -10233?
-10232
In base 10, what is -100 - 4793?
-4893
In base 6, what is -1434 - -1054?
-340
In base 4, what is -1100 + 2013232?
2012132
In base 13, what is 298 - -44?
30c
In base 4, what is -2320 - -202022?
133102
In base 14, what is 275 + -999?
-724
In base 5, what is -432 + -1424?
-2411
In base 13, what is -830 - 1?
-831
In base 4, what is -22 + -110331000?
-110331022
In base 10, what is 562 + 985?
1547
In base 16, what is 5 - -1449e?
144a3
In base 9, what is 56 + -280?
-223
In base 4, what is 2330220 - -12?
2330232
In base 11, what is 139 - -723?
861
In base 14, what is 2d - a878?
-a849
In base 12, what is -8 + -41865?
-41871
In base 9, what is 12810 + -108?
12701
In base 4, what is -101 - -320021?
313320
In base 16, what is -10b08 - -3?
-10b05
In base 6, what is 12205 + -201?
12004
In base 13, what is -1470 + -85?
-1525
In base 4, what is 211 + 212320?
213131
In base 5, what is 2412 - -324?
3241
In base 13, what is 28 + 2b8?
313
In base 6, what is -103 + 14241?
14134
In base 7, what is 335022 + -4?
335015
In base 16, what is a - 303?
-2f9
In base 15, what is d - 1254?
-1246
In base 2, what is -1001101101011 - -100100100?
-1001001000111
In base 8, what is 1567666 + 4?
1567672
In base 14, what is 193c - 20?
191c
In base 15, what is -9e4 + 3?
-9e1
In base 10, what is 20248 + -17?
20231
In base 6, what is -31 - 11144?
-11215
In base 6, what is 51 - -13441?
13532
In base 5, what is 124003 - -3220?
132223
In base 13, what is 1bb7 + -5?
1bb2
In base 13, what is -ba - -60?
-5a
In base 6, what is -5214 - -3?
-5211
In base 5, what is -24400 + 1014?
-23331
In base 2, what is 110101100010000 + -10?
110101100001110
In base 11, what is 2 - 3850?
-3849
In base 6, what is 155 - 2532?
-2333
In base 6, what is 4 - -415521?
415525
In base 16, what is 3 + -2ff81?
-2ff7e
In base 9, what is 1 - 5445?
-5444
In base 12, what is -3247b - -5?
-32476
In base 3, what is -12110122100 - 2?
-12110122102
In base 10, what is 2 + -9095?
-9093
In base 3, what is -2 + 22110112021?
22110112012
In base 6, what is -10 + -15043325?
-15043335
In base 4, what is -303 + -130110?
-131013
In base 3, what is 10002 + -10020?
-11
In base 4, what is 2 + 2100021?
2100023
In base 12, what is b - 33b3?
-33a4
In base 16, what is -d71 - -6?
-d6b
In base 8, what is -6177 - -44?
-6133
In base 12, what is 780 + 100?
880
In base 13, what is -3637 - 24?
-365b
In base 16, what is e72 - 2?
e70
In base 12, what is -1856 - 17?
-1871
In base 11, what is -199 + 3?
-196
In base 15, what is -7 - 1ee89?
-1ee91
In base 12, what is 135bb + -1?
135ba
In base 8, what is -4 - -46311?
46305
In base 14, what is 1 + 1b36?
1b37
In base 14, what is -924 - 242?
-b66
In base 2, what is 11010100010000 + -1000?
11010100001000
In base 14, what is -3172 + -8?
-317a
In base 3, what is -202211 - -22011?
-110200
In base 9, what is 24 + 6014?
6038
In base 9, what is 5413 + 2?
5415
In base 9, what is -222 - -27?
-184
In base 6, what is 5 - -31011552?
31012001
In base 10, what is -39245 + 2?
-39243
In base 2, what is 101000 + 101100100111?
101101001111
In base 12, what is -29 + -a46?
-a73
In base 5, what is 1 - -20130414?
20130420
In base 5, what is 1223432 + 442?
1224424
In base 4, what is 210 - -202212311?
202213121
In base 5, what is -14013 - -2?
-14011
In base 5, what is -10 - -34143242?
34143232
In base 6, what is 13 + 131344?
131401
In base 3, what is -120121101012 - -10?
-120121101002
In base 5, what is 14344 + -2423?
11421
In base 13, what is -6acc + -5?
-6b04
In base 16, what is 6158 + -b?
614d
In base 7, what is 1 - -66141?
66142
In base 6, what is 11543051 + -2?
11543045
In base 12, what is -537 - -a4?
-453
In base 7, what is -1360 - -143?
-1214
In base 5, what is -13 - 230233032?
-230233100
In base 8, what is -2 - 1527?
-1531
In base 11, what is -15236 + 4?
-15232
In base 11, what is -99 + -341?
-42a
In base 3, what is -210 + -22221012?
-22221222
In base 3, what is 10 + -211020002?
-211012222
In base 16, what is -8 + 7ca?
7c2
In base 6, what is -4 + -2322322?
-2322330
In base 9, what is -7 - -876602?
876584
In base 12, what is -32b72 + 5?
-32b69
In base 4, what is 11331120 + -22?
11331032
In base 9, what is 365236 - -5?
365242
In base 12, what is 5 - -3207?
3210
In base 8, what is -63207 - 1?
-63210
In base 9, what is -54008 - 1?
-54010
In base 14, what is -262a + aa?
-2560
In base 3, what is 10020122221 - -10?
10020200001
In base 15, what is -3 + -1aaa8?
-1aaab
In base 2, what is 10010010110 + 1100110111?
11111001101
In base 12, what is 1200 - 44?
1178
In base 16, what is bb + 1f?
da
In base 12, what is 3b - 4b5?
-476
In base 3, what is 12 - 20111022022?
-20111022010
In base 6, what is 1243522 - -4?
1243530
In base 15, what is -a11be + 1?
-a11bd
In base 16, what is -c4b8 - 5?
-c4bd
In base 4, what is 12 - -10013133?
10013211
In base 13, what is -642 + -17?
-659
In base 8, what is 1744 - 116?
1626
In base 2, what is -110101110000010 - -100?
-110101101111110
In base 9, what is -1122 - 1100?
-2222
In base 3, what is -121201022 + -1212?
-121210011
In base 13, what is b568 - -20?
b588
In base 10, what is -4219 - 64?
-4283
In base 7, what is -11 + -646055?
-646066
In base 3, what is -2101100201 + -2120?
-2101110021
In base 10, what is -185761 + -5?
-185766
In base 16, what is -a4b93 + -4?
-a4b97
In base 9, what is 4 - -2548?
2553
In base 2, what is 0 + -11101010111100?
-11101010111100
In base 9, what is -1140 + -47?
-1187
In base 11, what is -482 - -80?
-402
In base 10, what is -241532 + -3?
-241535
In base 2, what is -100101 - 11100001001?
-11100101110
In base 5, what is -14333 - 12212?
-32100
In base 12, what is 9 + 6168?
6175
In base 11, what is -34 - -19548?
19514
In base 9, what is -114 + 2524?
2410
In base 16, what is -4 + 5c8f?
5c8b
In base 10, what is 25 + 549?
574
In base 5, what is 100 - 1331411?
-1331311
In base 5, what is -4 + 2012341?
2012332
In base 12, what is 15 + 5711a?
57133
In base 16, what is -5 + -361?
-366
In base 2, what is 100010001111 + 11101?
100010101100
In base 2, what is 1101 + 110001100?
110011001
In base 15, what is -3b0 - -d?
-3a2
In base 3, what is 21 - 210201100?
-210201002
In base 15, what is -a55 + -5?
-a5a
In base 8, what is -5 - 25731?
-25736
In base 15, what is -72c - -6?
-726
In base 3, what is -220 - -1002221?
1002001
In base 16, what is -4e - -221?
1d3
In base 15, what is -15d + 13a?
-23
In base 5, what is 3 + 3140230?
3140233
In base 6, what is -2115102 + -2?
-2115104
In base 8, what is 51 - 22?
27
In base 6, what is 0 + -3010245?
-3010245
In base 8, what is 177 + 1200?
1377
In base 12, what is -2468 + 4a2?
-1b86
In base 16, what is 7a0 + -1a9?
5f7
In base 10, what is 9797 + -1?